or of v and x?
6
Let j(a) = a**2 + 3*a + 2. Let f be j(-4). Suppose -3*b - 3 = 0, -4*t + b + 4*b = 3. Let x = t + 8. Calculate the greatest common factor of f and x.
6
Let g be ((-455)/(-39))/7 + 1/3. What is the greatest common factor of 22 and g?
2
Suppose -3*d + 2 + 1 = 0. Let j(q) = 5*q**2 + q. Let g be j(d). Suppose g*v = v + 135. What is the greatest common factor of 9 and v?
9
Let w = -97 + 152. What is the greatest common factor of w and 440?
55
Let n be (-2)/(-11) + (-2)/11. Let x(k) = -9*k + n + 8*k - 2. Let c be x(-3). Calculate the greatest common factor of 4 and c.
1
Suppose 0*u + 4*u + j = -1, 2*j = -2*u + 4. Let n be (2 - 131)*(u - 0). Calculate the greatest common factor of n and 86.
43
Suppose 7 = -4*o - 5, 2*j = o + 11. Suppose 4*q = -4, 0 = t - 5*q - j - 3. Calculate the highest common factor of t and 34.
2
Let q(r) = -3*r + 88. Let c be q(28). Suppose 3*s - 5*s + 81 = -5*a, 2*s + c*a - 108 = 0. Calculate the highest common factor of s and 120.
24
Suppose y = 12 - 8, -2*l + 5*y - 2 = 0. Calculate the greatest common divisor of 72 and l.
9
Let o(f) = f + 1. Let u(r) = 5*r**2 + 1. Let x be u(-1). Let m be o(x). Suppose 4*b = -10*b + 294. Calculate the highest common divisor of m and b.
7
Suppose -5*w = -12*w + 378. What is the highest common divisor of 6 and w?
6
Let d be (-2)/(-14) - 9218/(-154). Calculate the greatest common divisor of 12 and d.
12
Let h = 6090 + -3415. What is the greatest common factor of h and 107?
107
Let x(v) = -v**3 - 11*v**2 + 4. Suppose 2*z = 7*z - 5. Let t be -13 + z*(-3 + 5). Let w be x(t). What is the highest common divisor of w and 20?
4
Suppose 2*z + 3*z = 140. Let l = 35 - z. Calculate the highest common divisor of 21 and l.
7
Let p = 1990 - 812. What is the highest common divisor of p and 62?
62
Let q = -97 + 195. Let s(f) = -2*f + 29. Let x be s(14). Let z = 13 + x. What is the highest common divisor of q and z?
14
Suppose 29*y - 8*y - 4830 = 0. Calculate the greatest common divisor of y and 92.
46
Let p = -14 + 15. Let d(x) = -x**2 - 9*x. Let f be d(-8). Calculate the greatest common divisor of p and f.
1
Suppose -264 = 173*b - 179*b. Calculate the greatest common divisor of b and 11.
11
Suppose i + 2*c + 2*c - 24 = 0, -2*c = -3*i + 128. Calculate the highest common factor of 10 and i.
10
Let t = 148 + 320. What is the highest common factor of 36 and t?
36
Suppose 0 = -u + 2*k + 76 - 4, 0 = -4*u + 5*k + 288. Suppose 2*q = -5*g + q + 118, q = 5*g - 122. Calculate the highest common factor of g and u.
24
Let h = -108 - -184. Suppose 0*z = -4*z + h. Let y = z + -17. What is the highest common divisor of y and 1?
1
Let r = -48 + 140. Calculate the greatest common divisor of r and 276.
92
Suppose -66 = -5*o + 114. Let a = o - 21. Let y(r) = 8*r**2 + 2*r + 29. Let f be y(4). What is the highest common factor of a and f?
15
Let m(y) = -2*y + 12. Let j be m(10). Let d be 55/2*j/(-5). Calculate the greatest common divisor of 44 and d.
44
Suppose -25 = -3*r - 0*i + 5*i, 2*i + 10 = 0. Let d be r + 1 + (-16)/(-4). Let b = 102 + -62. Calculate the greatest common divisor of d and b.
5
Suppose -4*k + 4*n + 12 = 0, 7*k - 3*k - 3*n = 7. Let v be 59 - (k - -2 - 1). Calculate the highest common factor of v and 6.
6
Let q(m) = m**3 + 22*m**2 + 50*m + 10. Let g be q(-8). What is the greatest common divisor of 66 and g?
22
Let r = -11 - -14. Suppose 3 = 3*q - 3*k - 0, 5*q + r*k - 45 = 0. What is the greatest common divisor of 9 and q?
3
Let l(w) = -3*w. Let y be l(-4). Let o = -1237 - -1273. What is the greatest common factor of y and o?
12
Suppose 5*m + 2*r = 1522, 2*m - 4*r + 274 = 878. Let z(v) = 6*v**2 + 74*v - 14. Let l be z(-13). What is the highest common factor of l and m?
38
Let r = 223 + -185. What is the greatest common divisor of 342 and r?
38
Let z = -205 + 218. What is the greatest common divisor of z and 468?
13
Let r be 2/6 + -6*(-3832)/144. What is the highest common factor of 140 and r?
20
Let z(j) = j**2 - 5*j + 19. Let k(d) = -d**2 + 1. Let o(x) = -3*k(x) - z(x). Let r be o(-11). Calculate the highest common divisor of r and 15.
15
Suppose 0 = -2*d + 4*s + 88, 3*d - s - 96 = 21. Suppose 8*t - d = 218. Calculate the greatest common factor of t and 24.
8
Let h be 1/3 - 71/(-3). What is the greatest common divisor of 32 and h?
8
Let d(o) = -o**3 - 18*o**2 + 4*o - 18. Let h be d(-19). What is the highest common divisor of h and 6?
3
Let a be 0/(-3*1) - 7. Let v = 27 + a. Let x = 1397 - 1387. Calculate the greatest common divisor of x and v.
10
Let j(n) be the first derivative of -13*n**4/4 - n**3/3 - n**2/2 - 4*n + 19. Let o be j(-2). What is the highest common divisor of o and 14?
14
Let o(m) = -m + m**3 - 2*m**2 - 5*m**3 + 5*m**3 + 21 - 9*m**2. Let y be o(11). What is the highest common divisor of y and 10?
10
Suppose -3*g - 1 = -4. Let f be 17*g + 7/7. Calculate the highest common divisor of f and 27.
9
Let q = 26 - 23. Suppose -q*v = v - 600. Calculate the greatest common factor of 60 and v.
30
Let y(d) = 3*d**2 - 27*d - 90. Let t be y(14). What is the greatest common factor of t and 60?
60
Let r(b) = b**2 + b - 1. Let h be 6/9*(-9)/2. Let f be r(h). Suppose 2*q + 13 = -j + 34, -f*q + 5*j + 15 = 0. Calculate the highest common factor of 8 and q.
8
Suppose 18*p - 309 + 129 = 0. Let f(u) = -11*u - 3. Let l be f(-3). What is the highest common factor of p and l?
10
Let u(d) be the third derivative of 0*d + 1/20*d**5 - 6*d**2 + 0 - 1/24*d**4 + 1/6*d**3. Let c be u(2). Calculate the highest common factor of 33 and c.
11
Suppose -5*v = -2*v - 108. Suppose -3*o - 2*x = -47, 2*x + 67 = 5*o - 22. Let g = o - 5. Calculate the highest common divisor of v and g.
12
Let u = 333 - 205. What is the greatest common divisor of 32 and u?
32
Let a(b) = -b**3 - 118*b**2 + 237*b - 290. Let g be a(-120). Let x = -27 + 12. Let f = x + 29. What is the greatest common factor of g and f?
14
Suppose 5*l = -2*y + 188, -l = -8*y + 10*y - 44. Suppose -f - 35 = -323. What is the greatest common factor of l and f?
36
Suppose -5*n - 9*n + 14 = 0. What is the greatest common factor of n and 29?
1
Let x be (-4)/(-2)*8/((-32)/42). Let f be 9/(-2)*28/x. Calculate the highest common divisor of 8 and f.
2
Let i(q) = q - 4. Let j be i(10). What is the greatest common divisor of 15 and j?
3
Let l be (-55*10)/(-5) - -10. Calculate the highest common divisor of l and 15.
15
Let k(x) = 5*x + 34. Let n be k(-6). Suppose -10 = -2*r - 3*l, 4*r + 0*l - n = 2*l. What is the highest common divisor of r and 3?
1
Suppose 1069 = 51*v - 308. Calculate the highest common divisor of v and 171.
9
Suppose 125 = 5*m - o, 4*m - 129 = -5*o - 0*o. Calculate the greatest common divisor of 39 and m.
13
Suppose 0 = -19*z + 2650 - 1586. Calculate the greatest common divisor of z and 182.
14
Let r = 809 - 577. What is the greatest common divisor of 29 and r?
29
Suppose -85 = 2*a + 3*a. Let t(o) = o**3 - 2*o**2 - 2*o + 1. Let v be t(3). Let i = v - a. What is the greatest common factor of i and 147?
21
Let z(p) = -2*p**3 - 18*p**2 - 25*p + 16. Let h be z(-12). Calculate the greatest common divisor of 20 and h.
20
Let j(n) = n + 7. Let g be j(-5). Suppose -g*w + a = 6 + 3, 3*w = 2*a - 14. Let q be 9/12 - 69/w. What is the greatest common divisor of 144 and q?
18
Let y be 58 - (3 - 18/(-6)). Calculate the greatest common factor of y and 8.
4
Let m(p) = -67*p**3 - p**2 + 3*p - 2. Suppose 4*i + 10 = 3*x - 1, 0 = 5*x - 25. Let o be m(i). Let j = 97 + o. What is the highest common factor of 30 and j?
30
Let n = 54 + 58. Let t be (-2)/(-5) - ((-54)/(-10) - -5). Let g = t + 24. What is the greatest common divisor of n and g?
14
Let a be (-2)/(2/8*1). Let q be (a/(-12)*18)/2. Let d be (-1 - 0)/(q/(-108)). What is the greatest common divisor of d and 45?
9
Let q(y) = y**3 + 11*y**2 - 11*y + 9. Let s be q(-12). Let h be (12/(-8))/(2/4). Let p be -18*s*h/(-18). What is the greatest common divisor of p and 3?
3
Let p be 586 - (-1 - -3 - 0). What is the greatest common divisor of p and 8?
8
Suppose 0 = -l + p + 130, 0*l - 2*l + 270 = -4*p. Suppose 12*m = 139 + l. Calculate the highest common divisor of m and 44.
22
Let s(j) = 51*j - 24. Let l be s(2). Calculate the highest common factor of l and 26.
26
Let k be 63/(-6)*(-10)/15. Let u = 16 + -10. Suppose g + 140 = u*g